z(s).
0
Let q(p) = 5*p + 13. Let i(v) be the third derivative of -v**4/12 - v**3 - 6*v**2 - v. Let j(l) = 7*i(l) + 3*q(l). Let n = -1 + 4. Give j(n).
0
Suppose -94 = -18*z - 112. Let a(s) = -27*s - 1. What is a(z)?
26
Let v(o) = 17*o - 21. Let t(s) = 4. Let g(d) = 5*t(d) + v(d). What is g(1)?
16
Let i(y) = -y - 7. Let w(r) = r**2 + 7*r - 2. Let x be w(-8). Let s(o) = o - 4. Let k be s(x). Suppose -3*b = -k*b. Determine i(b).
-7
Let r(m) = 49*m**3 - 16*m**2 + 9 - 4*m - 24*m**3 - 24*m**3 + 20*m**2. Determine r(-4).
25
Let d(o) = -o**3 + 9*o**2 - 7*o + 8. Suppose 3*c + 3*w - 16 = -7, -5*c + 60 = -4*w. Determine d(c).
16
Let m = -11 + 8. Let n(p) be the third derivative of -p**6/180 - p**5/40 - p**4/12 - 2*p**3 + 14*p**2. Let w(l) be the first derivative of n(l). Calculate w(m).
-11
Let u(g) = g**3 - 4*g**2 - 9*g - 13. Let x be (564/(-329))/((-2)/7). Give u(x).
5
Let u(y) = -y**2 + 5. Let g(l) be the second derivative of 0*l**2 + 1/6*l**3 + 4*l + 0. Let z(w) = -4*g(w) + u(w). Calculate z(-4).
5
Let k(t) = -t. Let v(g) = 12*g**2 - 7*g. Let b(c) = 6*k(c) - v(c). Determine b(-1).
-13
Let p = 27 + -26. Let w(x) = -9 - 8*x**2 + 18*x - 20*x + 9*x - p + x**3. Give w(7).
-10
Let o(l) = 9 + 6*l**2 + 2*l + 8 - 16 + 5*l**2. Let p be (1 - -1 - -4)*2. Suppose 2*s = -2*m - 0*s - 12, 3*m - p = 3*s. Determine o(m).
10
Let y(h) = -2*h + 5. Suppose 0 = 4*w - 2*d + d + 31, 13 = -w + 2*d. Let p be 3 + 184/(-56) - 30/w. What is y(p)?
-3
Let x be 5/10 + 39/(-26). Let z(w) = -w + w + 5*w - w. What is z(x)?
-4
Let f(k) = -k**3 + 2*k**2 - k + 1. Let w be f(3). Let q = w - -12. Let d(g) = 0 + 5*g + q + 0 - 9*g. Calculate d(1).
-3
Suppose -y = 3*t - 21, -2*y - 15 = -5*t - 2. Let j(m) = -m**2 + 2*m + 3. What is j(y)?
-21
Let k(z) = 2*z**2 + 11*z - 1. Let q be k(-8). Let t(g) = 0*g + q - 2*g**3 - 35 + 4*g**2 - g. Give t(3).
-17
Let r(z) be the third derivative of 0*z**3 + 1/24*z**4 + 0 + 0*z + 30*z**2. Calculate r(2).
2
Suppose -z + 3 = 0, -2*g = g + 5*z - 24. Let o(l) = l**3 + 5*l + 4*l**2 + 2*l - 12*l**2 - 4 + 4*l**2 - 5*l. Give o(g).
-7
Let n(d) = 2*d**2 - 7*d - 1. Let l = 77 - 74. Determine n(l).
-4
Let w(b) = -21*b + 15. Let i(d) = -47*d + 33. Let a(z) = -4*i(z) + 9*w(z). Calculate a(-2).
5
Let p(y) be the second derivative of -1/6*y**3 - 2*y**2 + 6*y + 0. Determine p(-8).
4
Let m be 38/6 - 4/(-6). Let f(y) = 7 - 8*y - 2*y - 18*y**2 + 14*y**2 + 22*y**2 - 17*y**2. What is f(m)?
-14
Let s(l) = -2*l**3 - 20*l**2 - 18*l + 5. Suppose -72 = -731*d + 739*d. Give s(d).
5
Let u(o) = 36*o + 108. Let t be u(-3). Let x(k) be the second derivative of t + 1/12*k**4 + 0*k**2 - 1/6*k**3 + 6*k. Determine x(3).
6
Let i(r) be the third derivative of -r**6/120 - r**5/30 + 5*r**4/24 + 5*r**3/3 + 504*r**2. Determine i(-2).
0
Let g(y) = -y**3 - 10*y**2 + 5*y + 4. Let u(n) = -n**3 - 11*n**2 + 6*n + 5. Let o(k) = -6*g(k) + 5*u(k). Suppose 5 = -8*l + 7*l. Give o(l).
1
Let d(y) = -805 + 0*y**2 - 5*y + y**2 + 808. Let l(q) = q**2 + 3*q + 2. Let c = 0 + -3. Let k be l(c). Determine d(k).
-3
Suppose -5*p - 2*i = 25, -4*p - 7*i - 20 = -8*i. Let h(o) = -2 + 3 + 0 + 3*o + 5. What is h(p)?
-9
Let d(k) = 4*k - 6*k - 1 - 2*k**3 + 4*k**2 - 4*k + 3*k**3. Let n be d(-5). Let i(w) = -1 - 5*w**3 + 4*w**3 + 3*w - 4*w**2 + 8*w**2. Calculate i(n).
11
Suppose -4*d + 20 = 3*a, 2*d + 0*a - 24 = -5*a. Let y(t) = 14*t**2 - 6*t + 8. Let p(b) = -5*b**2 + 2*b - 3. Let r(v) = 11*p(v) + 4*y(v). Give r(d).
-1
Let k(y) be the second derivative of -7*y - 1/6*y**4 - 1/3*y**3 + 0 + y**2 + 1/20*y**5. Give k(3).
5
Suppose 2*w + 61 - 161 = 0. Let v be 1/5 - (-290)/w. Let x(n) = -9 + 0 - 6 + 2 + n. Give x(v).
-7
Let i(f) = f**3 + 6*f**2 + 7*f + 4. Suppose z = 2, 6 = -u - 2*z + 25. Suppose 8 + 11 = -x. Let q = x + u. Give i(q).
8
Let x = -6 - 2. Let d(c) = -5*c**2 - 40*c + 2. Let j(v) = -11*v**2 - 88*v + 3. Let n(k) = 9*d(k) - 4*j(k). Calculate n(x).
6
Let h(j) be the first derivative of j**2 + 6*j + 522. Suppose -10 = 4*y + 10. Determine h(y).
-4
Let a(m) = 3*m**2 - m**2 + 4*m**3 - 4*m**3 + 5*m**3 + 1 + 2*m. Calculate a(-1).
-4
Let j be (308/(-35) - -10)/(1/(-5)). Let u(r) = r**2 + 6*r + 6. What is u(j)?
6
Let a = -43 - -71. Suppose 0*w + a = 2*w. Suppose 0 = -7*f + 9*f + w. Let s(n) = n**2 + 7*n + 4. Calculate s(f).
4
Let s(z) = 18*z - 82. Let n(t) = -11*t + 41. Let m(u) = 5*n(u) + 3*s(u). What is m(0)?
-41
Let a(z) = 11*z**3 - 2*z**2 + 1. Let t = -897 - -898. What is a(t)?
10
Let c(s) = -3 - 3*s + 4*s - 7*s - 6*s**2 + 0*s - s**3. Determine c(-5).
2
Let o(p) = -3*p - 12. Let i be o(-5). Let d = 39 - 37. Let g(h) = -2*h + 4*h**2 + 2*h - i*h**d + 3*h. Calculate g(-4).
4
Let t(h) be the first derivative of 3*h**2 - 3. Let p = 6 + -6. Let c be 1 - (-2)/8*p. Give t(c).
6
Suppose 5*h - 1095 = 1615. Let x(t) = 267*t - h*t + 277*t. Determine x(2).
4
Let y(a) = -a**2 + a - 5. Let i(v) = v**3 + 15*v**2 + 14*v + 2. Let t be i(-14). Suppose -t*c = -9*c. What is y(c)?
-5
Let k(j) = -4*j + 19. Let f(x) = 2*x - 10. Let z(s) = 5*f(s) + 3*k(s). Suppose 4*r - 7*w + 24 = -3*w, 5*r + w = -42. Calculate z(r).
23
Let x(g) = 197*g + 6 - 196*g + 2. Give x(-9).
-1
Let w(k) = 12 - 26*k + k**3 + 9*k - 4*k**2 + 4*k. What is w(6)?
6
Let p(m) = -7*m**2 + 18*m - 5. Let g(o) = 5*o**2 - 14*o + 4. Let h(c) = 4*g(c) + 3*p(c). Give h(-6).
-23
Let d(a) = -4*a + 4*a + 5*a + 3 - 3 - 3. What is d(4)?
17
Suppose 44 = 2*r + 5*z, 5*r - 2*z = -0*z + 81. Let w(y) = 5*y**2 + 2*y - 3. Let p(h) = -14*h**2 - 5*h + 9. Let a(k) = r*w(k) + 6*p(k). Calculate a(-3).
0
Let i(q) = -8*q**3 + 9 + 6*q**3 - 7*q + 4*q**2 + 13*q - 6*q - 8*q. What is i(2)?
-7
Suppose s - 36 = 37*s. Let w(y) = 0 + 17*y**3 - 2*y**2 + 1 + 0*y**2. Give w(s).
-18
Let d(q) = -4*q - 1. Let z(v) = 69 + 3*v**2 - v**2 - 4*v**2 + v**2 - 19*v. Let c be z(-22). What is d(c)?
-13
Suppose 0*i + 4 = 2*i. Let f(n) = n + 14. Let c be f(-10). Let x(t) = 3*t**2 + c*t + t**3 - 6*t**2 + 7 - 3*t**2 - i. What is x(5)?
0
Let o(a) = -a**2 + 4*a + 1. Suppose -3*w + w = 5*u + 17, 4*w = 4*u + 36. Let i be (-1 - w)/((-2)/(-6)). Let h = -13 - i. What is o(h)?
5
Suppose 2*j + 10 = -4*s + 24, 19 = 5*s + j. Suppose -14 = -5*w - a, -w + 5*a + 14 = 2*w. Let r(l) = -2*l - w*l - 5 + 7*l. Determine r(s).
3
Suppose -412 = -49*r - 69. Let c(d) = -3*d - 11. What is c(r)?
-32
Let r(z) be the third derivative of 0 + 0*z + 0*z**3 + 0*z**5 - 7*z**2 - 1/720*z**6 - 1/6*z**4. Let a(s) be the second derivative of r(s). Give a(-8).
8
Let z(g) = -g**3 - 9*g**2 + 2. Suppose 0 = -k + 5*h + 6, -3*k - 457 = 2*h - 424. Calculate z(k).
2
Let b(x) = 2*x**3 - 3*x**2 + x + 2. Let r be b(-1). Let z(j) = j**3 + 5*j**2 + 3*j + 5. Determine z(r).
9
Let q(d) = -d**2 + 1. Let m(o) be the second derivative of o**5/20 - 11*o**4/12 + o**3 - 5*o. Let f(s) = m(s) - 6*q(s). Determine f(4).
2
Let s(m) = m**2 - 11*m - 4. Let b be 3 + (-7 - (1 + -10)). What is s(b)?
-34
Let i(x) = -5*x**2 - 11*x - 6. Let a(d) = 4*d**2 + 10*d + 5. Suppose -2*j + 11 = -2*z + 3*z, -5*z + 31 = 4*j. Let c(q) = j*a(q) + 3*i(q). What is c(-6)?
-4
Let n(y) = 2*y**2 + 5*y - 5. Let m be ((-16)/(-24))/(1/15). Let j(z) = -10*z + 23*z - m + 5*z**2 - 3*z. Let f(u) = 3*j(u) - 7*n(u). Determine f(4).
1
Let l(s) = 2*s**2 - 28*s + 56. Let v be l(11). Let f(g) = g**2 + 13*g + 28. Give f(v).
-2
Let d(i) = 2*i - 18. Let k be d(11). Let n(a) = -2*a - 5. Let c(q) = q + 5. Let y(h) = 3*c(h) + 2*n(h). Calculate y(k).
1
Let s(p) = -4*p + 5*p**2 - 9*p**2 - 2*p + 5*p**2 + 4. Let b be (-29 + 28)*(0 - 5). Determine s(b).
-1
Let o(z) = -z**2 + z - 7. Let j(s) = 2*s**3 - 6*s**2 - 10*s + 8. Let t be j(4). What is o(t)?
-7
Let v(m) = 5*m**2 + 2*m**2 - 3*m**2 + 0*m**2 - 3*m. Let s(p) = 5*p**2 - 4*p. Let n(l) = 5*s(l) - 6*v(l). What is n(4)?
8
Let h(u) = u**3 - u**2 - u. Suppose 0 = t + 2*t + l - 8, -3*t - 2*l + 4 = 0. Suppose t - 6 = 2*d. Give h(d).
-1
Let f = -9 - -11. Let h(g) = -1 - 5 + g - f*g. Suppose -5*i = -0*p + 2*p + 25, p - i = 5. What is h(p)?
-6
Let p = -13 + 19. Let k(o) = -1 + o**2 - 6*o + 0*o**2 + 2. Determine k(p).
1
Let l(h) = -12 + 61*h - 6 + 13*h - 24*h + 16. Calculate l(-1).
-52
Let f(a) = 4*a - a - 2*a + 2. Let n(m) = 17*m + 387. Let l be n(-23). Determine f(l).
-2
Suppose 4 = 2*d, 4*y = -d - 18 - 8. Let g(a) = a**2 + 7*a + 9. Calculate g(y).
9
Let w(j) = -j + 1. Let b(x) = -7*x + 7. Let t(d) = b(d) - 6*w(d). 